What is the tens digit of l(11)?
3
Let n(z) = 4*z**2 + 5*z - 3. What is the units digit of n(3)?
8
Let o(r) = -r**3 + 3*r**2 + 14. Let k(l) = -3*l**3 + 10*l**2 - l + 42. Let d(u) = -4*k(u) + 11*o(u). What is the units digit of d(7)?
4
What is the units digit of (-4)/(-10) - 1340/(-25)?
4
Let t = 54 - 27. What is the tens digit of t?
2
Let z be (-42)/9 + 2/(-6). What is the units digit of ((-84)/15)/(2/z)?
4
Suppose -56 = -4*p - 5*r, 2*p = -0*r - 2*r + 26. What is the units digit of p?
9
Suppose -3*c - 2*c + 655 = 5*u, 0 = -2*u - c + 260. What is the units digit of u?
9
Suppose 5*t - 25 + 10 = 0. Let d = t + -2. What is the units digit of d?
1
Let n = 25 + -12. Suppose n - 28 = -5*v. What is the units digit of v?
3
Suppose -4*b + 4*r = 6*r - 22, 4*b - 25 = -3*r. Suppose v - 2*w = b*v + 5, -5*w + 19 = -3*v. Let q = -2 - v. What is the units digit of q?
1
Suppose 0*d = 2*d. Let v(k) be the second derivative of k**5/20 + k**4/12 - k**3/6 + 2*k**2 + 2*k. What is the units digit of v(d)?
4
Let f be (-34)/(-6) + (-8)/12. Let c(r) = 5*r - 4*r - f + 2. What is the units digit of c(5)?
2
Let a(y) = -70*y - 6. What is the hundreds digit of a(-3)?
2
Suppose -4*y - 88 = -2*q, -5*q - 5*y = -0*y - 160. Suppose -v + q + 43 = 3*l, 4*l - 120 = -5*v. What is the tens digit of l?
2
Let a(l) = 3*l**2 - 3*l - 12. What is the tens digit of a(5)?
4
Let a = 35 + 35. What is the units digit of a?
0
Suppose i = -4*i + 20. What is the tens digit of 10*i/(-8)*-2?
1
Suppose -3*q = -2*p + 306 + 221, -3*p + 781 = 5*q. What is the units digit of p?
2
Suppose 11*z - 10 = 6*z. What is the tens digit of (84/(-18))/(z/(-6))?
1
Let u = 21 - 14. Let w(d) = 2*d - 2. What is the units digit of w(u)?
2
Let k = -130 + 195. Suppose 2*d - 7*d = -k. What is the tens digit of d?
1
Let a be (-186)/30 - 2/(-10). Let k = -3 - a. What is the units digit of k?
3
Suppose -l + 11 = 5*u, -5*l + u + 6 = -23. Suppose -51 = -l*v + 57. What is the units digit of v?
8
Suppose -4*m = w - 105, -m = -5*m + 3*w + 85. What is the tens digit of m?
2
Let q(v) = v**3 - 7*v**2 - 7*v + 11. Suppose -6*f - 8 = -7*f. What is the tens digit of q(f)?
1
Suppose 0 = 4*b + r - 585 + 213, -3*r + 472 = 5*b. What is the units digit of b?
2
Let j = 129 + -89. What is the units digit of j?
0
Let s = -3 - -3. Suppose 0*i + 4*i - 16 = s. Suppose -5*o - 32 = -i*u, 2 = -5*u - 5*o - 3. What is the units digit of u?
3
Suppose -5*y = -4*y - 2. Suppose 5*d - h = -3 + 23, 4*d = -y*h + 16. What is the units digit of d?
4
Suppose 0 = -5*j + 27 - 12. Suppose -3 + 48 = j*v. What is the units digit of v?
5
Let g(s) = -s**3 - 4*s**2 + s + 2. Let v be g(-4). Let i = v + 17. What is the tens digit of i?
1
Suppose 4*p + 125 = 5*w + 4, -3*w = 2*p - 55. Let c = 34 - w. What is the units digit of c?
3
Let s(y) = 2*y + 90. What is the tens digit of s(0)?
9
Let h(s) = -s**2 + 2*s + 1. Let m be h(-5). Let a = m + 50. Suppose 0*j + 4*j - a = 0. What is the units digit of j?
4
Let b(w) = -w - 31. Let z(f) = 2*f + 47. Let l(m) = 8*b(m) + 5*z(m). What is the units digit of l(11)?
9
Suppose 0*r + 2*r + 6 = 3*q, 2*q + r = 11. Suppose -q*i + 2 + 6 = 0. What is the units digit of i/4*4 - -3?
5
Suppose -4*l = 5*i - 73, -2*l + i = 2*i - 29. Suppose -28 = -5*r - 2*g, -g - l + 32 = 4*r. Suppose -r*j + 6*j = 10. What is the units digit of j?
5
Suppose -3*y + 0*y = 4*t + 20, -5*t = 5*y + 25. Let b(u) = u**2 + 17. What is the units digit of b(y)?
7
Let j(s) = 4*s**3 + 3*s**2 - 2*s**2 - 2*s + 2*s. What is the units digit of j(1)?
5
Suppose -11*d + 20*d - 396 = 0. What is the tens digit of d?
4
What is the units digit of -489*(-1 - (-1 + (-2)/(-6)))?
3
Suppose 0 = 3*o + 8 - 29. What is the units digit of o?
7
Suppose z - 3 = 0, 0 = 2*c + z + 4*z - 19. Suppose 0 = -5*l - 3*g + 79, c*l - 31 = -0*l - g. What is the tens digit of l?
1
Suppose r - c = 5 + 2, 3*c = -9. Let b(w) = -w**3 + 4*w**2 + 5*w - 2. What is the units digit of b(r)?
8
Let k be (38/(-5))/((-2)/5). What is the units digit of 1 + 6/2 + k?
3
Suppose -4*v + 2*a = -3*v, -3 = -4*v + 5*a. Suppose -2*c - v*m = -12, -3 = -m - 5. What is the units digit of c?
8
Let n = 7 - -83. What is the tens digit of n?
9
Let w(g) = g + 11. Let r be w(-10). Suppose -4*n + 11 + r = 0. What is the units digit of (24/(-9))/((-2)/n)?
4
Suppose -2*k = -3*g - 126, k + 2*g = 107 - 44. What is the tens digit of k?
6
Suppose 4*b + 1 = z, 4*b - 4 = -0*b. Let u(d) = -d - 5. Let q be u(-7). Suppose z*h - 24 = q*h. What is the units digit of h?
8
Let u be (-720)/28 - (-4)/(-14). Let j = -61 - -104. Let o = j + u. What is the tens digit of o?
1
Let l(j) = -13*j. Let o be -2*1/4*-2. Let a be l(o). Let y = 28 + a. What is the units digit of y?
5
Let c(m) = m**3 + 15*m**2 + 14*m + 1. Let o be c(-14). Let d = o + 4. What is the units digit of d?
5
Suppose -2*i - 8 = 5*z, 4*z + 38 = 5*i + 2*z. Let w(d) = -i*d + 8*d + 0*d - 6. What is the units digit of w(4)?
2
What is the units digit of 2604/30 - (-2)/10?
7
What is the tens digit of (-2)/3 - (-440)/12?
3
Let c = 9 + -7. Let n = c - -2. Let s = 13 - n. What is the units digit of s?
9
Let r = 279 - 113. What is the units digit of r?
6
Suppose 3*l + 0*l = 2*v - 132, -v + 2*l = -65. What is the tens digit of v?
6
Let y = -7 - -7. Let z(x) = x + 3. Let j be z(0). Let s = y + j. What is the units digit of s?
3
Let a be 64/12 - (-2)/(-6). Suppose -4*d + 6 = 2*g, 0 = a*d + 3*g - 9. What is the units digit of (d + 0 + 1)*4?
4
Suppose 5*p - 2*q = 740, -p + 2*p - 2*q - 156 = 0. What is the tens digit of p?
4
Let s be 5/(-3)*-3 + -1. Suppose -s*m + 40 = m. Suppose 0 = 5*n - 5*j - 45, 0 = 3*n + j - 7 - m. What is the units digit of n?
6
Suppose -4*r + 141 = -r. What is the units digit of r?
7
Let f = -10 + 7. What is the tens digit of 6/f - (-30)/2?
1
Suppose 0 = -2*z - 5*z + 532. What is the units digit of z?
6
Let n = 20 + 11. Suppose -n = -5*l - 1. What is the units digit of (4/l)/((-12)/(-234))?
3
Let n(s) = s - 2. Let v be n(10). Suppose 3*f + 40 = v*f. What is the units digit of f?
8
Let g(y) = -31*y + 1. What is the hundreds digit of g(-5)?
1
Suppose 0 = -5*s + g - 74, 0 = 2*s - 3*g + 4*g + 24. Let q be (-4)/s + 174/(-21). Let w = q - -11. What is the units digit of w?
3
Let a(o) = 72*o**2 + o - 2. What is the tens digit of a(1)?
7
Suppose -4*f - 84 + 272 = 0. What is the units digit of f?
7
Suppose 0 = 5*t + 1 - 21. Suppose 0 = -0*q + t*q - 76. What is the units digit of q?
9
Let c = -8 + 4. What is the units digit of (-390)/20*c/3?
6
Suppose 0 = -v - 5*n - 5, 0 = v + 5*n - 2*n - 1. What is the units digit of v?
0
Suppose 6*u - 417 = 1503. What is the hundreds digit of u?
3
Let p(h) = -h**3 + h**2 + h - 6. Let z = -4 - -4. Let w be p(z). What is the units digit of ((-5)/10)/(1/w)?
3
Suppose -2*r - 20 = -7*r. Let c(z) = z**3 - 4*z**2 + z - 3. What is the units digit of c(r)?
1
Let l(c) = c**3 + 2*c**2 + 3*c + 1. What is the hundreds digit of l(5)?
1
Let f = 5 + 47. Suppose -4*s - 4*a = -0*a - f, -1 = a. What is the units digit of s?
4
Let r be -170*(-2)/((-12)/(-3)). Suppose -4*p + r = p. What is the units digit of p?
7
Let w = -2 + -1. What is the tens digit of w/(6/(-20))*1?
1
Suppose 2*c = 36 - 6. Suppose 5*o - 45 + c = 0. What is the units digit of o?
6
Let z(j) = j + 5. Suppose 0 = 2*g + u - 1, -2*u + 2 = -5*g. Suppose -2*q - q = g. What is the units digit of z(q)?
5
Let q = -185 - -303. What is the units digit of q?
8
Let q be (-4 - -6)/(2/3). Suppose 2*o - q = 3. Let l = o + 9. What is the units digit of l?
2
Suppose 3*z + 5*f - 119 = 180, -520 = -5*z - 4*f. Let k be z/20 + 4/(-10). Suppose 0 = -5*d - 0*d + 5, k*y = -5*d + 20. What is the units digit of y?
3
Let y = 3 - -28. What is the tens digit of y?
3
Suppose 3*b = 12, 4*r + 5*b - 5 = 35. Suppose l - 24 = -2*u, 2*l - 71 = -l - r*u. What is the tens digit of l?
2
Suppose 2*p - 25 = 7*p. Let j be p*(-2)/(-4)*-2. Suppose -30 = -j*g + 10. What is the units digit of g?
8
Let i(u) = 2*u**2 - 8*u - 3. What is the units digit of i(6)?
1
Let u = 9 - 6. Suppose -4*h = -0*h + u*r - 38, 2*h + r - 18 = 0. What is the units digit of h?
8
Let p be 6/(-4)*(0 + -4). Suppose p + 0 = q. Suppose q = -d + 3*d. What is the units digit of d?
3
Let v(s) be the second derivative of 2*s**3 + s. What is the tens digit of v(1)?
1
Let o be (-4)/(-10) - 33/(-5).